{"id":14,"date":"2017-11-28T19:24:04","date_gmt":"2017-11-28T19:24:04","guid":{"rendered":"http:\/\/www.kiikoistenloytoelainpalvelu.fi\/?page_id=14"},"modified":"2026-02-06T14:11:15","modified_gmt":"2026-02-06T14:11:15","slug":"ajankohtaista","status":"publish","type":"page","link":"http:\/\/www.kiikoistenloytoelainpalvelu.fi\/?page_id=14","title":{"rendered":"Ajankohtaista"},"content":{"rendered":"<p><a href=\"https:\/\/www.facebook.com\/100064838224872\/posts\/pfbid0fzMxorn8hrNLBLjA9hD6hAEXHeotnQBPEA5tjamnToXqfQoke953TrSwoadpnGdYl\/\">1\/2026 Vuoden 2025 tilasto hoidossa olleista el\u00e4imist\u00e4<\/a><\/p>\n<p>6.1.2025 <a href=\"https:\/\/www.facebook.com\/100064838224872\/posts\/pfbid0uNBkTNfTCiQsKQMXiQBiEbDL1EfTixsBErAaMc3dB2Fv9qy969HVXqaYwB6DbXTEl\/\">P\u00e4ivitetty vuoden 2024 tilasto<\/a><\/p>\n<p>10\/2024 P\u00e4ivitetty tietoa meist\u00e4<\/p>\n<p>1\/2024 <a href=\"https:\/\/www.facebook.com\/share\/pvZ6yEzuYNNX6V6k\/\">Tilasto 2023<\/a><\/p>\n<p>6\/21 Aloitimme Punkakaitumen l\u00f6yt\u00f6el\u00e4inten vastaanottajina<\/p>\n<p>18.11.2020 Lis\u00e4tty viime vuoden tilasto<\/p>\n<p><img loading=\"lazy\" decoding=\"async\" class=\"wp-image-418 alignnone size-full\" src=\"https:\/\/www.kiikoistenloytoelainpalvelu.fi\/wp-content\/uploads\/2020\/11\/img_20201118_162205_4868746459373190805130.jpg\" width=\"885\" height=\"634\" data-temp-aztec-id=\"06805639-11da-4ea5-ae29-0c630502ea8e\" srcset=\"http:\/\/www.kiikoistenloytoelainpalvelu.fi\/wp-content\/uploads\/2020\/11\/img_20201118_162205_4868746459373190805130.jpg 885w, http:\/\/www.kiikoistenloytoelainpalvelu.fi\/wp-content\/uploads\/2020\/11\/img_20201118_162205_4868746459373190805130-300x215.jpg 300w, http:\/\/www.kiikoistenloytoelainpalvelu.fi\/wp-content\/uploads\/2020\/11\/img_20201118_162205_4868746459373190805130-768x550.jpg 768w\" sizes=\"(max-width: 709px) 85vw, (max-width: 909px) 67vw, (max-width: 1362px) 62vw, 840px\" \/><\/p>\n<p>27.1.2020 <a target=\"_blank\" rel=\"noopener\" href=\"https:\/\/kannatustuotekauppa-kiikoisten-loytoelainpalvelu.webnode.fi\">Kannatustuotekauppa<\/a> avattu \ud83d\ude42<\/p>\n<p>1.1.2020 Lavia j\u00e4\u00e4 pois toiminta-alueistamme. Jatkossa Porin yhteistoiminta-aluetta hoitaa Ehy ry Eurajoella<\/p>\n<p>1.1.2019 Aloitamme Kokem\u00e4en alueen l\u00f6yt\u00f6el\u00e4inten vastaanoton. Kokem\u00e4elt\u00e4 vastaanotamme my\u00f6s l\u00f6yt\u00f6koirat. muut alueemme l\u00f6yt\u00f6kissojen osalta ovat Sastamala ja Huittinen<\/p>\n<p>3.12.2017 klo 11-14 Lemmenpolku, 2 Vammala Lemmikkien leip\u00e4jono<\/p>\n<p>Jaamme lemmikkien ruokaa ja tarvikkeita v\u00e4h\u00e4varaisille. Ei ennakkoilmoittautumista. Gl\u00f6gitarjoilu.<\/p>\n<p>Tapahtuman j\u00e4rjest\u00e4\u00e4 Rekku rescue ry<\/p>\n<p>Sponsoreina<br \/>\n* HauHauchampion,<br \/>\n* Primacat<br \/>\n* Mixtikki<br \/>\n* Sastamalan Musti ja Mirri<br \/>\n* Kiikoisten l\u00f6yt\u00f6el\u00e4inpalvelu<br \/>\n* Tokmanni Vammala<br \/>\n* Pirkkalan S-market<br \/>\n* Sata-vet oy<br \/>\n* Sastamalan kaupunki<br \/>\n* el\u00e4inl\u00e4\u00e4k\u00e4ri Pertti Valkama<br \/>\n* lukuisat yksityiset lahjoittajat<\/p>\n<p>Tervetuloa &lt;3<\/p>\n<p><a href=\"http:\/\/www.kiikoistenloytoelainpalvelu.fi\/wp-content\/uploads\/2017\/11\/leipajono.jpg\"><img loading=\"lazy\" decoding=\"async\" class=\"alignnone size-medium wp-image-62\" src=\"http:\/\/www.kiikoistenloytoelainpalvelu.fi\/wp-content\/uploads\/2017\/11\/leipajono-212x300.jpg\" alt=\"\" width=\"212\" height=\"300\" srcset=\"http:\/\/www.kiikoistenloytoelainpalvelu.fi\/wp-content\/uploads\/2017\/11\/leipajono-212x300.jpg 212w, http:\/\/www.kiikoistenloytoelainpalvelu.fi\/wp-content\/uploads\/2017\/11\/leipajono.jpg 679w\" sizes=\"(max-width: 212px) 85vw, 212px\" \/><\/a><\/p>\n","protected":false},"excerpt":{"rendered":"<p>1\/2026 Vuoden 2025 tilasto hoidossa olleista el\u00e4imist\u00e4 6.1.2025 P\u00e4ivitetty vuoden 2024 tilasto 10\/2024 P\u00e4ivitetty tietoa meist\u00e4 1\/2024 Tilasto 2023 6\/21 Aloitimme Punkakaitumen l\u00f6yt\u00f6el\u00e4inten vastaanottajina 18.11.2020 Lis\u00e4tty viime vuoden tilasto 27.1.2020 Kannatustuotekauppa avattu \ud83d\ude42 1.1.2020 Lavia j\u00e4\u00e4 pois toiminta-alueistamme. Jatkossa Porin yhteistoiminta-aluetta hoitaa Ehy ry Eurajoella 1.1.2019 Aloitamme Kokem\u00e4en alueen l\u00f6yt\u00f6el\u00e4inten vastaanoton. Kokem\u00e4elt\u00e4 vastaanotamme my\u00f6s l\u00f6yt\u00f6koirat. &hellip; <a href=\"http:\/\/www.kiikoistenloytoelainpalvelu.fi\/?page_id=14\" class=\"more-link\">Jatka lukemista<span class=\"screen-reader-text\"> &#8221;Ajankohtaista&#8221;<\/span><\/a><\/p>\n","protected":false},"author":1,"featured_media":0,"parent":0,"menu_order":0,"comment_status":"closed","ping_status":"closed","template":"","meta":{"footnotes":""},"aioseo_notices":[],"jetpack_sharing_enabled":true,"_links":{"self":[{"href":"http:\/\/www.kiikoistenloytoelainpalvelu.fi\/index.php?rest_route=\/wp\/v2\/pages\/14"}],"collection":[{"href":"http:\/\/www.kiikoistenloytoelainpalvelu.fi\/index.php?rest_route=\/wp\/v2\/pages"}],"about":[{"href":"http:\/\/www.kiikoistenloytoelainpalvelu.fi\/index.php?rest_route=\/wp\/v2\/types\/page"}],"author":[{"embeddable":true,"href":"http:\/\/www.kiikoistenloytoelainpalvelu.fi\/index.php?rest_route=\/wp\/v2\/users\/1"}],"replies":[{"embeddable":true,"href":"http:\/\/www.kiikoistenloytoelainpalvelu.fi\/index.php?rest_route=%2Fwp%2Fv2%2Fcomments&post=14"}],"version-history":[{"count":14,"href":"http:\/\/www.kiikoistenloytoelainpalvelu.fi\/index.php?rest_route=\/wp\/v2\/pages\/14\/revisions"}],"predecessor-version":[{"id":736,"href":"http:\/\/www.kiikoistenloytoelainpalvelu.fi\/index.php?rest_route=\/wp\/v2\/pages\/14\/revisions\/736"}],"wp:attachment":[{"href":"http:\/\/www.kiikoistenloytoelainpalvelu.fi\/index.php?rest_route=%2Fwp%2Fv2%2Fmedia&parent=14"}],"curies":[{"name":"wp","href":"https:\/\/api.w.org\/{rel}","templated":true}]}}